base 7?
2
What is -28 (base 10) in base 15?
-1d
Convert 33 (base 15) to base 13.
39
Convert -b (base 12) to base 2.
-1011
What is 20 (base 3) in base 10?
6
Convert -64 (base 8) to base 3.
-1221
Convert -b8 (base 16) to base 6.
-504
Convert -2 (base 6) to base 16.
-2
What is c (base 15) in base 10?
12
15 (base 16) to base 12
19
Convert 101 (base 2) to base 10.
5
-3 (base 12) to base 2
-11
Convert -21 (base 7) to base 4.
-33
Convert 3 (base 7) to base 16.
3
What is 3f (base 16) in base 3?
2100
What is 142 (base 10) in base 3?
12021
What is -112 (base 4) in base 11?
-20
Convert 3c (base 15) to base 3.
2010
-8 (base 13) to base 8
-10
Convert 2 (base 13) to base 4.
2
252 (base 12) to base 15
185
What is 7 (base 11) in base 10?
7
What is 4 (base 7) in base 14?
4
-67 (base 8) to base 2
-110111
-10 (base 2) to base 3
-2
-3 (base 4) to base 2
-11
What is 2 (base 14) in base 6?
2
-435 (base 6) to base 10
-167
-1 (base 14) to base 5
-1
What is 3 (base 10) in base 9?
3
What is d (base 14) in base 3?
111
-30 (base 11) to base 8
-41
What is 101011 (base 2) in base 16?
2b
-2002 (base 3) to base 5
-211
-346 (base 10) to base 3
-110211
What is 21 (base 10) in base 6?
33
12 (base 16) to base 9
20
-d (base 14) to base 2
-1101
47 (base 14) to base 5
223
Convert 0 (base 11) to base 12.
0
Convert -18 (base 15) to base 3.
-212
Convert -15 (base 7) to base 16.
-c
9 (base 13) to base 14
9
What is -16 (base 7) in base 10?
-13
Convert 22 (base 16) to base 9.
37
2 (base 5) to base 6
2
What is 102 (base 5) in base 13?
21
-4 (base 13) to base 6
-4
12 (base 8) to base 6
14
What is 17 (base 11) in base 12?
16
What is d (base 15) in base 7?
16
Convert 1 (base 7) to base 11.
1
What is 2 (base 5) in base 6?
2
What is 16 (base 14) in base 15?
15
What is -148 (base 13) in base 5?
-1404
What is -120 (base 9) in base 4?
-1203
What is 3 (base 9) in base 11?
3
-2 (base 6) to base 5
-2
0 (base 2) to base 9
0
-14 (base 9) to base 10
-13
Convert 0 (base 4) to base 5.
0
What is -3 (base 4) in base 14?
-3
Convert 5 (base 14) to base 8.
5
What is -21 (base 5) in base 3?
-102
Convert 30 (base 9) to base 10.
27
6 (base 15) to base 12
6
2 (base 12) to base 7
2
Convert a (base 14) to base 13.
a
What is -2a (base 12) in base 11?
-31
What is 120 (base 4) in base 3?
220
-b (base 13) to base 10
-11
-7 (base 13) to base 11
-7
225 (base 8) to base 13
b6
212 (base 4) to base 16
26
Convert 220 (base 4) to base 14.
2c
-212 (base 5) to base 10
-57
-7 (base 16) to base 4
-13
12 (base 12) to base 6
22
What is -12 (base 6) in base 2?
-1000
Convert -3 (base 9) to base 14.
-3
2 (base 16) to base 10
2
-1 (base 16) to base 9
-1
Convert 20 (base 10) to base 7.
26
Convert 116 (base 11) to base 5.
1023
What is -1101011 (base 2) in base 16?
-6b
What is 4 (base 8) in base 16?
4
Convert 10 (base 11) to base 6.
15
-15 (base 14) to base 4
-103
Convert -95 (base 10) to base 5.
-340
What is -42 (base 7) in base 2?
-11110
Convert -12 (base 5) to base 7.
-10
Convert -2 (base 7) to base 5.
-2
Convert -21 (base 11) to base 3.
-212
-31 (base 4) to base 3
-111
What is -102 (base 14) in base 8?
-306
What is 0 (base 2) in base 4?
0
5 (base 9) to base 14
5
Convert 3002 (base 4) to base 13.
11c
What is -1231 (base 6) in base 3?
-102101
Convert 5 (base 7) to base 13.
5
-2 (base 16) to base 9
-2
Convert 45 (base 6) to base 5.
104
What is 23 (base 4) in base 12?
b
Convert 1 (base 9) to base 14.
1
1d4 (base 14) to base 2
101111110
What is -4 (base 9) in base 6?
-4
1110 (base 2) to base 11
13
-2 (base 13) to base 16
-2
232 (base 4) to base 14
34
30 (base 6) to base 2
10010
Convert -10 (base 5) to base 11.
-5
5 (base 15) to base 16
5
What is -13 (base 15) in base 16?
-12
-3 (base 9) to base 2
-11
What is -2 (base 4) in base 11?
-2
-d (base 14) to base 16
-d
What is 1202 (base 3) in base 8?
57
What is -ab (base 16) in base 15?
-b6
What is -9 (base 13) in base 3?
-100
What is -13b (base 14) in base 4?
-3321
-10 (base 3) to base 9
-3
Convert -551 (base 6) to base 12.
-157
What is -8 (base 14) in base 4?
-20
3 (base 7) to base 4
3
What is -102 (base 9) in base 10?
-83
Convert 8 (base 12) to base 3.
22
What is -80 (base 12) in base 2?
-1100000
1 (base 13) to base 16
1
What is -22 (base 11) in base 5?
-44
What is 0 (base 12) in base 3?
0
Convert -7 (base 16) to base 11.
-7
Convert 31 (base 10) to base 12.
27
Convert -4 (base 9) to base 6.
-4
What is -6 (base 13) in base 10?
-6
Convert -102 (base 3) to base 11.
-10
Convert 11 (base 2) to base 13.
3
What is 8 (base 10) in base 14?
8
-11 (base 9) to base 5
-20
What is -13 (base 14) in base 16?
-11
-10010111 (base 2) to base 10
-151
What is 3 (base 13) in base 16?
3
2 (base 4) to base 5
2
Convert 12c (base 13) to base 8.
317
-9 (base 16) to base 3
-100
Convert 16 (base 8) to base 13.
11
Convert 3 (base 11) to base 4.
3
What is 1f (base 16) in base 4?
133
What is 10110011 (base 2) in base 6?
455
What is 50 (base 10) in base 9?
55
Convert -37 (base 11) to base 4.
-220
-4 (base 9) to base 8
-4
What is 5 (base 10) in base 3?
12
What is -27 (base 11) in base 9?
-32
2 (base 10) to base 5
2
Convert 1b8 (base 12) to base 2.
100011100
-10 (base 4) to base 12
-4
6 (base 10) to base 11
6
What is -11 (base 9) in base 15?
-a
What is -77 (base 8) in base 16?
-3f
Convert -5 (base 8) to base 14.
-5
-70 (base 10) to base 4
-1012
Convert 3 (base 15) to base 14.
3
What is 6 (base 12) in base 8?
6
Convert -32 (base 5) to base 12.
-15
What is 0 (base 10) in base 9?
0
Convert 122 (base 3) to base 5.
32
Convert b1 (base 12) to base 6.
341
What is 302 (base 6) in base 12?
92
1 (base 14) to base 12
1
20 (base 3) to base 11
6
Convert -123 (base 8) to base 14.
-5d
What is 5 (base 7) in base 3?
12
Convert -2e (base 15) to base 8.
-54
-37 (base 11) to base 5
-130
What is -14 (base 11) in base 14?
-11
-2 (base 5) to base 9
-2
2 (base 14) to base 9
2
Convert -29 (base 15) to base 2.
-100111
-10200 (base 3) to base 11
-90
Convert -6 (base 13) to base 9.
-6
-2 (base 9) to base 6
-2
91 (base 11) to base 14
72
4 (base 9) to base 7
4
Convert -31 (base 7) to base 8.
-26
What is -3 (base 15) in base 12?
-3
What is 38 (base 9) in base 11?
32
What is 21 (base 4) in base 11?
9
Convert -23 (base 4) to base 7.
-14
11 (base 9) to base 15
a
What is -3b (base 15) in base 3?
-2002
What is 3 (base 8) in base 7?
3
What is 3 (base 6) in base 12?
3
What is 10 (base 2) in base 4?
2
What is 10 (base 7) in base 3?
21
What is 5 (base 15) in base 4?
11
Convert -1000 (base 2) to base 13.
-8
-142 (base 15) to base 14
-167
0 (base 12) to base 13
0
What is 10 (base 4) in base 7?
4
Convert 32 (base 12) to base 5.
123
-60 (base 8) to base 12
-40
What is 10 (base 9) in base 5?
14
What is 11 (base 6) in base 2?
111
Convert -22 (base 14) to base 2.
-11110
What is -11 (base 5) in base 2?
-110
Convert -6 (base 10) to base 3.
-20
What is 6 (base 9) in base 7?
6
What is 3 (base 12) in base 7?
3
Convert 12 (base 15) to base 12.
15
-103 (base 5) to base 12
-24
What is -432 (base 7) in base 2?
-11011011
12 (base 11) to base 16
d
20 (base 5) to base 3
101
Convert 122 (base 6) to base 9.
55
Convert -110 (base 7) to base 6.
-132
Convert -61 (base 15) to base 10.
-91
-2 (base 6) to base 10
-2
What is 12 (base 8) in base 5?
20
-4 (base 12) to base 9
-4
124 (base 11) to base 5
1042
Convert -3 (base 8) to base 11.
-3
Convert -214 (base 5) to base 7.
-113
Convert -12 (base 15) to base 11.
-16
1 (base 7) to base 15
1
13 (base 7) to base 8
12
Convert -13 (base 12) to base 9.
-16
Convert -2 (base 13) to base 11.
-2
38 (base 9) to base 12
2b
-7f (base 16) to base 6
-331
Convert 3 (base 5) to base 7.
3
2 (base 11) to base 10
2
What is 2b (base 16) in base 15?
2d
What is 12 (base 16) in base 14?
14
What is -13 (base 6) in base 13?
-9
What is -333 (base 5) in base 3?
-10110
-110 (base 13) to base 4
-2312
What is -3 (base 14) in base 16?
-3
What is -2 (base 12) in base 5?
-2
Convert -9 (base 14) to base 11.
-9
-15a (base 11) to base 10
-186
What is 6 (base 7) in base 10?
6
-3 (base 4) to base 16
-3
Convert 0 (base 5) to base 9.
0
Convert -1011 (base 2) to base 4.
-23
What is 2 (base 15) in base 5?
2
12 (base 3) to base 5
10
Convert 9 (base 14) to base 8.
11
Convert 2142 (base 5) to base 10.
297
What is -3 (base 5) in base 2?
-11
Convert 6 (base 14) to base 13.
6
What is -1 (ba